he first derivative of -d - 1/3*d**3 - 4*d**2 - 68. Give h(-7).
6
Let z(s) = s**2 + 3*s - 16. Suppose -8*f + 5*f + 3*m = 1560, 2*m + 535 = -f. Let a = 519 + f. Determine z(a).
2
Let u(w) = -w**3 - 8*w**2 - 6*w + 1. Let g(j) = j - 33. Let i be g(12). Let t be 6/i - (-10)/35. Suppose -3*b + 11*b + 56 = t. Determine u(b).
-6
Let y be 6/((-18)/486*-18). Let k(c) = -c**2 + 5*c. Calculate k(y).
-36
Let t be 20/50 + (-14)/10. Let o(v) = v - 3. Let m(q) be the third derivative of -q**4/12 + 7*q**3/6 - 5*q**2. Let n(r) = -4*m(r) - 9*o(r). Calculate n(t).
0
Suppose 0*x + 5*x + 4*y = -328, 5*x + 2*y + 334 = 0. Let h = -64 - x. Suppose -5*u - 35 = -5*t, h*t - u - 7 = 9. Let i(z) = 3*z - 4. Calculate i(t).
5
Let p(j) = 2*j - 81. Suppose -46*m - 188 + 1752 = 0. What is p(m)?
-13
Let c(b) = -16*b**3 - 131*b**2 + 82*b + 89. Let p(o) = 11*o**3 + 87*o**2 - 55*o - 61. Let s(k) = -7*c(k) - 10*p(k). Calculate s(-24).
-13
Let z(h) = -3*h - 5. Let d(c) = -17*c + 4. Let o(u) = -180*u + 39. Let l(i) = -21*d(i) + 2*o(i). Let b = 7 + -12. Let r(f) = b*l(f) + 6*z(f). Determine r(2).
-6
Let v(l) = l. Let m be v(2). Let f(u) be the first derivative of -u**5/120 - u**4/12 + u**3 - 11*u**2 + 56. Let i(n) be the third derivative of f(n). Give i(m).
-4
Let f(z) be the third derivative of -z**4/24 - z**3/6 + 69*z**2. Let q be 3/(-7) + 2310/(-98). Let l be 0/(-4) - q/4. Give f(l).
-7
Let y(s) = 15*s**2 + 2920*s + 2922*s + 7*s**2 - 5843*s + 2. Give y(1).
23
Let o = -109 + 44. Let v = o + 73. Let j(i) = -5 + 3*i + 3 - 6 - 1. Determine j(v).
15
Let r(k) = 2*k + 4. Let n(q) = -7*q - 39. Let t(w) = n(w) + 5*r(w). Determine t(-2).
-25
Suppose 5*x = 5, -2*t + t + 29 = -3*x. Suppose 5*z - 3*z + 8 = -2*c, 5*c = z - t. Let v(o) = 11 - 3*o + 4*o - 10. Give v(c).
-5
Let c(p) = p + 5 + 0*p + 0. Suppose -111*m + 912 = 41*m. What is c(m)?
11
Let n(d) = -d**3 + 6*d**2 - 13*d + 16. Let o be n(2). Let w(k) = -o + 2*k + k - 14 + 14. What is w(10)?
24
Let j(p) = -2*p**2 - 7*p + 30. Suppose 0*l - 4*q + 20 = -3*l, -5*l - 3*q - 43 = 0. Calculate j(l).
-42
Let f(c) = 9*c**3 - c**2 - 9*c + 3. Let j(d) = -11*d**3 + d**2 + 11*d - 1. Let u(z) = -6*f(z) - 5*j(z). Give u(0).
-13
Suppose 0 = -5*k + k + 20. Let i(t) = -27*t. Let g(s) be the first derivative of 7*s**2/2 - s - 44. Let f(m) = -4*g(m) - i(m). Calculate f(k).
-1
Let v(a) = a**3 - 6*a**2 - 9*a + 4. Let k be 1005/(-268)*(-7 - 1). Let c = 0 + 5. Suppose c*d - k = h, 8*h - 4*h - 20 = 0. Determine v(d).
-10
Let t(a) = 4*a**3 + 154*a**2 - 4*a - 65. Let f(p) = -p**3 - 31*p**2 + p + 13. Let u(s) = -19*f(s) - 4*t(s). Give u(9).
-14
Let k(o) = 7*o**3 - o**2 + o - 4. Let m be k(2). Suppose -m = -11*t + 49. Let x(n) = n + n + t - n - 7. Give x(-3).
-1
Let j be ((-3)/(-2))/((-3)/(-6)). Let n(z) = z**3 - 3*z**2 - z + 9. Let s be n(j). Let b(u) = -2*u + 4. Determine b(s).
-8
Suppose -7*z - 14 = -9*z - r, 3*z = -4*r + 36. Let b(a) = -a**3 + 5*a**2 - 9*a + 2. What is b(z)?
-18
Let q(o) = -o**3 + 5*o**2 + 6*o + 4. Let x(w) = -28*w**2 - 7*w - 12. Let s be x(-3). Let c = s + 249. Calculate q(c).
4
Let m = -8 + 12. Suppose 16*g + 16*g = 96. Let a(w) = 3 - 4*w - g*w - 8*w + 14*w. Calculate a(m).
-1
Let s(w) = 4 + 3 - 12 + w**2 - 10*w + w**2 + 7. Calculate s(7).
30
Let p(o) = 2*o**2 + 9*o + 4. Let t = -304 - -458. Suppose 0 = 10*j - 94 + t. Calculate p(j).
22
Let r(q) = -4*q + 10. Let d(z) = -5*z + 88. Let w(x) = -d(x) + 2*r(x). Calculate w(-22).
-2
Let x(n) = n**3 - 2*n**2 - n - 2. Let y(l) = l**3 + 7*l**2 + 2. Let c be y(-6). Let j = 41 - c. Suppose -j*f + 12*f - 18 = 0. Give x(f).
-4
Let n(s) = s**2 + 5*s - 14. Let w be n(-9). Let b = -22 + w. Suppose 2*j + 50 - 36 = b. Let x(l) = l**3 + 8*l**2 + 7*l + 4. What is x(j)?
4
Let c(u) be the third derivative of 19*u**2 + 0*u + 0 + 1/24*u**4 + 35/6*u**3 + 1/24*u**5. Let l(d) be the first derivative of c(d). What is l(-1)?
-4
Let q(w) = -5*w - 41. Suppose -5*g + z - 80 = 0, 9*g + z = 6*g - 40. What is q(g)?
34
Let k(q) = 12*q**2 + 3*q**2 - 33*q**2 + 11*q**2 + 2 - q + 6*q**2. Suppose 4*x - 4 = 4. Suppose 5*s = -3*p + 15, -5*s + 15 = 3*p + x*p. Give k(s).
-10
Let v(x) = -73*x - 360. Suppose 1112*z = 1113*z + 5. Give v(z).
5
Let u(s) = -s**2 - 4*s - 20. Let i(x) = -4*x**2 - 13*x - 68. Let f(v) = -2*i(v) + 7*u(v). Determine f(-3).
11
Let r(y) = y**2 + 7*y + 2. Let i(x) = -3*x - 143. Let v be i(-45). Let o(w) = -11*w + 4. Let q be o(-4). Let u be (-3)/v - 354/q. Determine r(u).
2
Let u(s) be the first derivative of -46*s**3/3 - 5*s**2 - 10*s - 5626. Calculate u(-1).
-46
Let z(r) = 2*r**2 - 28*r - 34. Let t(h) = -h**2 + 24*h + 34. Let b(a) = 3*t(a) + 2*z(a). Calculate b(-14).
6
Let w(q) = -13*q - 5. Let x = 8323 + -8329. Calculate w(x).
73
Let k(s) = s**3 + 2*s**2 - 3*s + 7. Let i be (-4)/(-1)*(-201)/268. Calculate k(i).
7
Let b(v) = 23*v**3 - 2*v**2 + v + 2. Let f be b(-1). Let n = -21 - f. Let x(h) = n*h**2 + h**3 + 5 - 3*h + 2 - 5. Determine x(-4).
-2
Let p(j) = j + 9. Suppose -19 = -5*f + 646. Let t be (f/(-28))/((-1)/8). Let y = t - 46. Calculate p(y).
1
Suppose 6*s + 193 = 96 + 211. Let q(l) = -l**2 + 23*l - 71. What is q(s)?
5
Let b(u) = 12*u**2 + 18 + 47*u**3 - 33*u - 22*u**3 + 0*u**3 - 26*u**3. Determine b(8).
10
Let c(j) = 3 - 194*j**2 - 201*j**2 - 5*j - 194*j**2 - 199*j**2 + 789*j**2 - 11*j**3. Calculate c(1).
-12
Suppose 11*g = 43 + 595. Let q(f) = 6*f**2 - g*f + 55*f + 3*f**3 - 10*f**2 - 4*f**3. Determine q(-3).
0
Let k(x) = 8*x - 59. Let c = -11635 + 11641. Calculate k(c).
-11
Let r(d) be the first derivative of 91*d**2 - 727*d - 3047. Give r(4).
1
Let w(j) = -2*j**3 - 56*j + 20. Let m be w(0). Let b(o) = -5*o + 109. What is b(m)?
9
Let s(f) = 4*f**3 + f**2 + 3*f - 2. Let g(t) = -t**3 + t**2 + t - 1. Let l(y) = -2*g(y) + s(y). Suppose 13 = 10*r + 3. Calculate l(r).
6
Let l(w) = 3*w**2 - 13*w + 21. Let r be l(3). Let k(f) = -3*f**2 - 6 + 2*f**2 + 1 + f + 10*f. Calculate k(r).
13
Let d(r) = 2*r**2 + 16*r - 13. Let o(x) = x**2 + 9*x - 6. Suppose 2*z - 5*a = -5, 0 = -2*a + 13 - 7. Let m(i) = z*o(i) - 3*d(i). Give m(3).
-9
Let a(h) = -6*h**2 + 8*h + 2. Let s(b) = -5*b**2 + 4*b**2 + 7*b + 2 - 4*b**2. Let m(x) = -4*a(x) + 5*s(x). Let q be 9 + 0 + 20/(-5). What is m(q)?
-8
Let i(d) = -2*d + 18. Let q be i(7). Suppose 72 - 470 = 3*v - 5*l, 135 = -v + q*l. Let s = -124 - v. Let n(z) = z**2 - 8*z + 9. Calculate n(s).
2
Let l(m) = 2*m**2 - 18*m. Let f be 2/5 + ((-2223)/(-180) - 75/20). Determine l(f).
0
Let h(d) = -6 - 2180*d + 4359*d + 2*d**2 - 2180*d. What is h(3)?
9
Let z(i) = -i**3 + 27*i**2 - 24*i - 47. Let w(b) = 119*b + 1573. Let r be w(-13). Calculate z(r).
5
Suppose -2*v - p + 3*p = -12, 5*p + 25 = 0. Let k(o) = -1 + o**2 + v - 1 + 10*o - 11*o. Calculate k(1).
-1
Let k(t) = -t**2 + 130*t + 542. Let l be k(134). Let i(m) = -11*m + 21. Let f(r) = 6*r - 10. Let c(h) = 5*f(h) + 3*i(h). Give c(l).
-5
Let z(l) = 5*l**2 - 5*l + 12. Let n(f) = 33 + 3*f + 4*f**2 + 4*f**2 - 13*f - 10 + f**2. Let m(j) = 4*n(j) - 7*z(j). Give m(3).
2
Let t(j) = j**3 - 13*j**2 - 3*j + 25. Suppose -4*v - 3519 = -3571. Give t(v).
-14
Let d be (-3)/(12/(-8)) + 2*-6. Let t(g) be the first derivative of -g**3/3 - 5*g**2 + 7*g - 1293. Calculate t(d).
7
Let u(f) = -19262 + 9*f**2 - 2*f**3 + f**3 + 11*f + 19243. What is u(10)?
-9
Let x(a) = -76*a**2 + 39*a - 41. Let g(v) = 33*v**2 - 19*v + 20. Let z(m) = -7*g(m) - 3*x(m). Determine z(3).
4
Let w(d) = d**2 - 9*d + 2. Suppose -7*l = 7*l - 3*l. Suppose 52*t - 49*t - 6 = l. Let c be (2 - (-1 + (-6 - -3))) + t. What is w(c)?
-6
Let r(n) be the third derivative of 0*n + 7/120*n**5 - 1/720*n**6 - 11/12*n**4 + 0*n**3 - 34*n**2 + 0. Let d(c) be the second derivative of r(c). What is d(7)?
0
Let d(o) = o**3 + 6*o**2 + 4. Let k be ((108/6)/(-3))/((-3)/(-3)). Give d(k).
4
Let k(t) = 25*t**3 - 8*t**3 + 1 - t**2 + t + 0*t**3. Suppose 3*d + p + 7 = 0, 1252 - 1270 = -2*d + 5*p. Determine k(d).
-18
Let w(r) = r**3 + 33*r + 13*r**2 + 212*r + 5 - 258*r. Suppose -4*m + 8 - 64 = 0. Determine w(m).
-9
Let r(b) = -9*b + 8 - b**2 + 81*b - 57*b. Calculate r(15).
8
Let w(n) = -n**3 + 5*n**2 + 7*n - 4. Let d(o) = 4*o**2 + 53*o + 4. Let c be d(-16). Let r = -174 + c. What is w(r)?
2
Let a(k) be the third derivative of -k**5/60 - k**4/3 - k**3 + 10*k**2. Let u = -17 - -20. Suppose 0 = -u*m + 8*m + 40. Calculate a(m).
-6
Let b(j) b